). Suppose 37*x - 33*x = b. Is x a composite number?
True
Suppose 10248 = -3*k - q + 202899, -4*k + 5*q + 256906 = 0. Is k prime?
False
Suppose -9*n + 392528 = -110095. Is n a composite number?
True
Let w = -52 + 42. Let m be (2/w)/((-1)/5)*856. Suppose -15 = 8*c - 3*c, 0 = -4*j + 4*c + m. Is j composite?
False
Let j(t) = t - 10. Let i be j(18). Suppose -c + 9800 = i*f - 7*f, -3*f + 9802 = c. Is c prime?
False
Is (-161 + 163)*(-135977)/(-2) composite?
False
Let d = 613 - 608. Is d/(35/16359) - 4 a composite number?
False
Let f(l) = 1367*l**2 + 89*l - 23. Is f(10) composite?
False
Let o(s) = s**3 - 12*s**2 - 23*s + 104. Let z be o(19). Suppose -c = 3*c + 1108. Let v = z - c. Is v prime?
False
Let w = -113 + -448. Let q(d) = 49*d**2 + 4*d - 6. Let l be q(-8). Let v = l + w. Is v a prime number?
False
Let j(w) = -3*w - 47. Let s(g) = -g - 24. Let b(v) = -3*j(v) + 5*s(v). Let x be b(-4). Let o(u) = 90*u - 41. Is o(x) a prime number?
True
Suppose 0 = -117*r + 111*r + 252. Is r/(-6) - 5512/(-2) prime?
True
Let j be 13/(-26)*3/(3/(-4)). Suppose j*f - 62930 = -8*f. Suppose 15*a = 22*a - f. Is a prime?
False
Let q(w) = -308*w**3 - 10*w**2 - 3*w + 91. Is q(-12) a composite number?
False
Let f(j) = 5*j**2 + 4*j. Let x be f(-4). Let d be 2088/x - (-6)/16. Suppose -d = 2*m - 347. Is m composite?
False
Let p be (0 - 0)/(20 + -23). Suppose -2 = -5*v - 7, -4*x + v + 309 = p. Is x composite?
True
Suppose -13*n + 28 = -24. Suppose 0 = n*q - 5*l - 33056, 5*l = -q + 3*l + 8277. Is q composite?
False
Let v be -72*((-6)/9)/(4/(-27)). Suppose -3*h + 4*d - 6*d = -1747, 3*h - 1739 = 2*d. Let c = h + v. Is c a composite number?
False
Let s(f) = 30*f**2 - 4*f - 7. Let w be -7 + 9 + (-4 - 0). Let h be s(w). Is (-70470)/(-22) + (-22)/h a composite number?
False
Is (-3 - (-4774385)/22)*2 a composite number?
False
Let j(i) = 7*i**3 + 27*i**2 - 22*i - 10. Let g(u) = u**3 - u**2 - 2*u - 1. Let n(a) = -5*g(a) + j(a). Is n(-16) a composite number?
True
Let k be 2449/(-2)*(0 + 6). Is 23/92 + k/(-4) a composite number?
True
Suppose 142*w - 138*w - l - 10438 = 0, 0 = 4*w + l - 10434. Is w a composite number?
False
Suppose -3179796 = -134*c - 83419 - 353799. Is c a prime number?
False
Let z = 17143 + -4050. Is z prime?
True
Suppose -17053608 = -100*d + 29050148 + 8551544. Is d a composite number?
True
Suppose 2*y = z - 12, 0*z + y = 2*z - 12. Suppose z*c - s - 1198 = -2*s, -5*c = 3*s - 1501. Is c composite?
True
Let q = -827332 + 1196979. Is q a composite number?
False
Suppose 0 = 943*m - 903*m - 13123720. Is m a composite number?
False
Let r = 512380 + -346479. Is r prime?
True
Let v(d) = -d**3 + 15*d**2 + 9. Let i be 1/(-3*(-3)/99). Is v(i) prime?
False
Suppose -c + 0*c = -10046. Suppose -5*q - 1373 = -i + 642, c = 5*i + 4*q. Suppose 2*y - i + 256 = 0. Is y prime?
True
Suppose 0 = -326*f + 36498334 + 40848570 + 120955962. Is f a prime number?
False
Let m(n) = -2*n**2 - 9*n + 20. Let s be m(-6). Let d(w) = 5*w**3 - w**2 + 4*w - 3. Let i be d(s). Suppose -39*y - 1574 = -i*y. Is y composite?
False
Suppose 25817 + 284309 = 14*g + 44*g. Is g prime?
True
Let x(k) be the third derivative of 11777*k**4/24 + 10*k**3/3 - 3*k**2 - 11. Is x(1) a composite number?
True
Let x = -5287 - -5289. Let s = -1 - -5. Suppose -s*d = a - 4240, -a = 3*d + x*d - 5301. Is d composite?
False
Let d(v) be the third derivative of v**5/2 - v**4/12 + 6*v**3 + 24*v**2. Let o be d(14). Suppose 0 = -4*g - 2*h + o, -h + 6*h = 2*g - 2932. Is g a prime number?
True
Let c be (1 + -5*1)*(-3 + 2). Suppose c*z + 3*z = 28. Suppose -4*u - 3*k + 755 = 0, -z*u - u = 4*k - 943. Is u prime?
True
Let y(o) = -2*o**3 + 4*o**2 + 52*o + 107. Is y(-29) composite?
False
Let l(p) = -1131*p + 210. Let k be l(-10). Let i = k + 1085. Is i a composite number?
True
Suppose n = -2*x + 21, 0*n + 35 = 4*x - 5*n. Is (2*(-2)/(-8))/(x/33020) a composite number?
True
Let d = 1303 + 1268. Suppose -5152 = -t + d. Is t composite?
False
Let f be 1/(-3) + 7 + 228/(-18). Let b be 3 + f + (-1739)/(-1). Suppose -6*w + w = 2*q - b, -894 = -q + 4*w. Is q prime?
False
Let h be 2/(-20)*-155*-82. Let t = 4678 + h. Is t a prime number?
True
Suppose 4118*y = 4115*y + 4539903. Is y a composite number?
True
Let h(r) = -r**2 + 9*r - 5. Let q be h(9). Let o = q - -7. Is o/1*(-6)/12*-1081 a composite number?
True
Let f(b) = 91*b**2 - b + 3*b - 9 - 8*b. Let p be f(-5). Suppose -5*j = 5*g - p - 1624, 4*g + 3*j = 3139. Is g a composite number?
False
Is -1*(-9)/(-6) + 2644350/60 a composite number?
False
Let z = 556896 + -367085. Is z a prime number?
False
Let v(p) = 775*p**2 - 10*p - 22. Is v(-3) a composite number?
False
Suppose 70022 = x - 24125. Is x a composite number?
True
Suppose -h - 3*z = -15, 3*h = -4*z + z + 15. Is (h + 1)/(1/1478) prime?
False
Let m = 8313 - -12477. Let g = m - 12332. Is g a composite number?
True
Let h(i) = -95089*i - 5. Let s be h(-1). Suppose -2*m = 4*u - 0*m - s, -2*m + 47538 = 2*u. Is u a prime number?
True
Suppose 21 = 3*p + 12. Suppose 0 = 5*h - p*c + 289, -h = -5*h + c - 234. Let d = 124 + h. Is d a prime number?
False
Let x = -291 + 295. Suppose -2514 - 994 = -x*r. Is r a composite number?
False
Suppose -11*p = -4*p - 70. Let j be ((-9)/6 - -1)*p. Is 2/(-10) - 2936/j a prime number?
True
Suppose -b = -3*j - 191041, -542997 = -5*b - 3*j + 412280. Is b a prime number?
False
Suppose 0 = r + p - 547997, -r + 3*p + 207677 + 340328 = 0. Is r composite?
False
Suppose 3*i - 2 = 3*s + 1, 5*s = -i - 29. Let y(a) = -16*a**3 + 12*a**2 + a - 1. Is y(i) composite?
True
Suppose 33*n - 29*n - 27324 = 0. Suppose -6154 - n = -3*d - a, -5*a = -20. Is d composite?
False
Let i = 39 - 35. Is ((-199918)/(-152))/(1/i) a composite number?
False
Suppose -2*t - 13 = -3*j, 5*t - 13 = -5*j - 58. Let f be 6783/68 - (-6)/t. Suppose -83 - f = -2*h. Is h a composite number?
True
Let d(n) = -3*n**2 - 5 + 1220*n**3 + 9*n - 1 - 12*n + 5. Let k be d(-1). Let u = 1720 + k. Is u a prime number?
True
Let i = -3 + 8. Let x(p) = -227*p - 269. Let n(q) = -114*q - 109. Let l(r) = -5*n(r) + 2*x(r). Is l(i) prime?
True
Let c(l) = 2636*l**2 + 2*l - 89. Is c(-8) prime?
True
Let n(v) = -v**3 - 2*v**2 - 4*v - 1. Let u be n(-2). Suppose -4*m = u*m. Is (-4)/10 + (-17142)/(-30) + m prime?
True
Let h(u) = 5*u**2 - 10*u - 20. Suppose 0 = -3*n + 4*o - 74, 4*n - o - 2*o + 87 = 0. Let m be h(n). Is -3*(m/(-12) + 0) a composite number?
True
Let j = -445 - -445. Suppose j = -2*a + 2*d - d + 14140, -d - 7071 = -a. Is a a composite number?
False
Suppose 4*f - 12832 = -4*f. Let s = 577 + f. Is s composite?
True
Let f be -1 - ((2 - 2) + 1) - -4. Suppose -3 = -2*t - 1, -f*q = -t - 2747. Suppose 3*c - q - 12105 = 0. Is c a composite number?
False
Let n be 193*(-10*(-4)/8 + -2). Suppose o = 892 + n. Is o prime?
True
Suppose -m = -4*b + 13, 4*m = -5*b + 10 + 22. Suppose m*l - 3770 = 1723. Is l a composite number?
False
Suppose -17*z + 308763 = -4*z. Let o = 34508 - z. Is o a composite number?
True
Let x(m) = 689*m - 2. Let s be x(1). Let j = 455 - s. Let c = j + 611. Is c a composite number?
False
Suppose 0 = -4*h - 5 + 9. Let i be 1/(h/(-251) + 0)*-1. Suppose 0*x + i = x. Is x composite?
False
Suppose 5*y - 16 = 2*a, -a + 5*y = 8 - 0. Let l(u) be the second derivative of u**4/3 - u**3 - 17*u**2/2 - 3*u + 6. Is l(a) a prime number?
False
Let o be 185294/10 + (-6)/(-10). Suppose -3*a = 6*d - d - o, -d + 3724 = -3*a. Is d prime?
True
Let u = 1637 - 300. Suppose 4*s + u = 13477. Is s composite?
True
Suppose m + 2*o = 96139, 234*o = 229*o - 30. Is m a composite number?
True
Suppose 5*h = -6 + 21. Suppose -h*v + y = -2*y + 4689, 0 = 2*v - 3*y + 3131. Let a = v - -2759. Is a a prime number?
True
Suppose 6*i - 12 = 18. Suppose -15*k + 10*k = -i*f - 395, -5*k = -2*f - 395. Is k prime?
True
Let k be (2/((-12)/(-3981)))/(20/1720). Suppose 2*s - 3*i - 74617 = 0, -2*i + 19752 = -s + k. Is s a prime number?
True
Let z(r) = 47*r**2 - 19*r - 9. Let n be 2*(-2)/8*10. Is z(n) a composite number?
True
Suppose 8*q - 39 - 33 = 0. Suppose q*z = 2064 + 7845. Suppose 0 = 6*x + 27 - z. Is x prime?
True
Let u(q) = -760*q**3 + 3*q**2 - 9*q + 5. Let b be u(3). Let z = 6990 - b. Is z prime?
False
Is -1*((-93338)/(-28))/((-1)/2) a prime number?
False
Suppose -28 = -6*d - 4. Suppose 7*z = d*z + 147. Suppose -2*s + 2779 - z =